{"id":165,"date":"2021-07-21T14:41:30","date_gmt":"2021-07-21T12:41:30","guid":{"rendered":"http:\/\/lescreationsdejulia.fr\/?page_id=165"},"modified":"2022-05-06T12:24:47","modified_gmt":"2022-05-06T10:24:47","slug":"notre-histoire","status":"publish","type":"page","link":"https:\/\/lescreationsdejulia.fr\/index.php\/notre-histoire\/","title":{"rendered":"Notre histoire"},"content":{"rendered":"\n<p class=\"has-drop-cap has-medium-font-size\">Les cr\u00e9ations de Julia, c\u2019est l\u2019histoire de deux univers parfaitement compl\u00e9mentaires qui se rencontrent, ceux de Julia et Juliane. C\u2019est il y a 6 ans que les deux jeunes femmes se croisent pour la premi\u00e8re fois, dans leurs milieux professionnels respectifs, et comme une \u00e9vidence est n\u00e9e une amiti\u00e9 forte. D\u00e9but 2021, le projet \u201cLes cr\u00e9ations de Julia\u201d a \u00e9merg\u00e9, avec le souhait de porter des th\u00e9matiques et des projets forts, comme la consommation responsable et l\u2019approche holistique du bien-\u00eatre. Julia, 32 ans, est architecte de m\u00e9tier ainsi qu&#8217;artiste peintre, quant \u00e0 Juliane, 29 ans, est une commerciale n\u00e9e passionn\u00e9e de couture. <\/p>\n\n\n\n<p class=\"has-white-color has-text-color\">.<\/p>\n\n\n\n<div class=\"wp-block-image is-style-default\"><figure class=\"alignleft size-large is-resized\"><img decoding=\"async\" loading=\"lazy\" src=\"https:\/\/i0.wp.com\/lescreationsdejulia.fr\/wp-content\/uploads\/2021\/09\/Illustration_sans_titre.jpg?resize=735%2C370&#038;ssl=1\" alt=\"\" class=\"wp-image-904\" width=\"735\" height=\"370\" srcset=\"https:\/\/i0.wp.com\/lescreationsdejulia.fr\/wp-content\/uploads\/2021\/09\/Illustration_sans_titre-scaled.jpg?resize=300%2C150&amp;ssl=1 300w, https:\/\/i0.wp.com\/lescreationsdejulia.fr\/wp-content\/uploads\/2021\/09\/Illustration_sans_titre-scaled.jpg?zoom=2&amp;resize=735%2C370&amp;ssl=1 1470w, https:\/\/i0.wp.com\/lescreationsdejulia.fr\/wp-content\/uploads\/2021\/09\/Illustration_sans_titre-scaled.jpg?zoom=3&amp;resize=735%2C370&amp;ssl=1 2205w\" sizes=\"(max-width: 735px) 100vw, 735px\" data-recalc-dims=\"1\" \/><\/figure><\/div>\n\n\n\n<p class=\"has-white-color has-text-color\">.<\/p>\n\n\n\n<p class=\"has-drop-cap has-text-align-left has-medium-font-size\">Tous nos produits sont fabriqu\u00e9s par nos soins ou personnalis\u00e9s dans notre atelier de cr\u00e9ation situ\u00e9 \u00e0 quelques kilom\u00e8tres de Strasbourg. Chaque article est le fruit de nombreuses heures de r\u00e9flexion, de travaux, de recherches, de r\u00e9ponses aux besoins de nos clients. Ce qui rend unique chacun de nos produits c\u2019est l\u2019attention que nous lui portons, de la naissance de l\u2019id\u00e9e au moment de sa r\u00e9alisation, jusqu\u2019\u00e0 m\u00eame son envoi, car ne vous \u00e9tonnez pas, nous aimons personnaliser chaque commande, chacun de nos clients \u00e9tant lui aussi unique. En ce sens, nous avons souhait\u00e9 respecter un cahier des charges tr\u00e8s stricte dans notre processus de cr\u00e9ation et de production, notamment d\u2019un point de vue \u00e9cologique, avec la transformation de tous nos d\u00e9chets carton, la suppression des sur-emballages et le recyclage de nos chutes de tissus. Mais cela passe aussi par un contr\u00f4le qualit\u00e9 pouss\u00e9, car avant chaque nouvelle collection, nous envoyons des produits tests \u00e0 quelques clients, afin d\u2019avoir leurs retours objectifs.<\/p>\n\n\n\n<p class=\"has-white-color has-text-color\">.<\/p>\n\n\n\n<p class=\"has-text-align-center has-large-font-size\">Toi aussi, tu veux tester nos futurs collections ?<\/p>\n\n\n\n<p><\/p>\n\n\n\n<div class=\"wp-block-ce4wp-subscribe\"><div class=\"onSubmission\" style=\"display:none\"><input class=\"onSubmissionSetting\" name=\"onSubmissionSetting\" type=\"hidden\" value=\"message\"\/><div><h2 class=\"title\"><\/h2><p class=\"subTitle\">Merci pour ton inscription \u2728\ud83c\udf38\ud83c\udf3f<\/p><\/div><\/div><form class=\"cm-contact-form\" name=\"contact-form\"><input class=\"list_id\" name=\"list_id\" type=\"hidden\"\/><h2 class=\"title\"><\/h2> <p class=\"subTitle\"><\/p><div class=\"inputBlock\"><label>Pr\u00e9nom<\/label><span class=\"wp-caption-text required-text\" style=\"color:#ee0000\">*<\/span><input class=\"firstName\" name=\"first_name\" type=\"text\" required\/><\/div><div class=\"inputBlock\"><label>Nom<\/label><span class=\"wp-caption-text required-text\" style=\"color:#ee0000\">*<\/span><input class=\"lastName\" name=\"last_name\" type=\"text\" required\/><\/div><div class=\"inputBlock\"><label>E-mail <\/label><span class=\"wp-caption-text required-text\" style=\"color:#ee0000\">*<\/span><input class=\"email\" name=\"email\" type=\"email\" oninvalid=\"setCustomValidity('Please enter a valid email address')\" oninput=\"setCustomValidity('')\" required\/><\/div><div class=\"disclaimer\"><input class=\"consent_check\" name=\"consent\" type=\"hidden\" checked\/><label>En cr\u00e9ant un compte, tu participeras au tirage au sort pour tenter de tester nos futurs collection et tu nous autorise \u00e0 t&#8217;envoyer des e-mails. Tu peux te d\u00e9sinscrire \u00e0 tout moment par mail : contact@lescreationsdejulia.fr<\/label><\/div><button class=\"wp-block-button__link submit-button\" type=\"submit\">Subscribe<\/button><\/form><\/div>\n\n\n\n<p class=\"has-white-color has-text-color\">.<\/p>\n\n\n\n<div class=\"wp-block-columns is-layout-flex wp-container-2\">\n<div class=\"wp-block-column is-layout-flow\" style=\"flex-basis:100%\">\n<figure class=\"wp-block-image alignwide size-large is-style-default\"><img decoding=\"async\" loading=\"lazy\" width=\"1024\" height=\"811\" src=\"https:\/\/i0.wp.com\/lescreationsdejulia.fr\/wp-content\/uploads\/2021\/10\/Affiche-LCDJ-1.jpg?resize=1024%2C811&#038;ssl=1\" alt=\"\" class=\"wp-image-970\" srcset=\"https:\/\/i0.wp.com\/lescreationsdejulia.fr\/wp-content\/uploads\/2021\/10\/Affiche-LCDJ-1-scaled.jpg?resize=1024%2C811&amp;ssl=1 1024w, https:\/\/i0.wp.com\/lescreationsdejulia.fr\/wp-content\/uploads\/2021\/10\/Affiche-LCDJ-1-scaled.jpg?resize=300%2C238&amp;ssl=1 300w, https:\/\/i0.wp.com\/lescreationsdejulia.fr\/wp-content\/uploads\/2021\/10\/Affiche-LCDJ-1-scaled.jpg?resize=768%2C609&amp;ssl=1 768w, https:\/\/i0.wp.com\/lescreationsdejulia.fr\/wp-content\/uploads\/2021\/10\/Affiche-LCDJ-1-scaled.jpg?resize=1536%2C1217&amp;ssl=1 1536w, https:\/\/i0.wp.com\/lescreationsdejulia.fr\/wp-content\/uploads\/2021\/10\/Affiche-LCDJ-1-scaled.jpg?resize=2048%2C1623&amp;ssl=1 2048w, https:\/\/i0.wp.com\/lescreationsdejulia.fr\/wp-content\/uploads\/2021\/10\/Affiche-LCDJ-1-scaled.jpg?resize=600%2C475&amp;ssl=1 600w\" sizes=\"(max-width: 1024px) 100vw, 1024px\" data-recalc-dims=\"1\" \/><\/figure>\n<\/div>\n<\/div>\n\n\n\n<p><\/p>\n\n\n\n<p><\/p>\n\n\n\n<p><\/p>\n","protected":false},"excerpt":{"rendered":"<p>Les cr\u00e9ations de Julia, c\u2019est l\u2019histoire de deux univers parfaitement compl\u00e9mentaires qui se rencontrent, ceux de Julia et Juliane. C\u2019est il y a 6 ans que les deux jeunes femmes se croisent pour la premi\u00e8re fois, dans leurs milieux professionnels respectifs, et comme une \u00e9vidence est n\u00e9e une amiti\u00e9 forte. D\u00e9but 2021, le projet \u201cLes cr\u00e9ations de Julia\u201d a \u00e9merg\u00e9,\u2026<\/p>\n","protected":false},"author":1,"featured_media":0,"parent":0,"menu_order":0,"comment_status":"closed","ping_status":"closed","template":"","meta":[],"yoast_head":"<!-- This site is optimized with the Yoast SEO plugin v18.4.1 - https:\/\/yoast.com\/wordpress\/plugins\/seo\/ -->\n<title>Notre histoire - Les cr\u00e9ations de Julia<\/title>\n<meta name=\"robots\" content=\"index, follow, max-snippet:-1, max-image-preview:large, max-video-preview:-1\" \/>\n<link rel=\"canonical\" href=\"https:\/\/lescreationsdejulia.fr\/index.php\/notre-histoire\/\" \/>\n<meta property=\"og:locale\" content=\"fr_FR\" \/>\n<meta property=\"og:type\" content=\"article\" \/>\n<meta property=\"og:title\" content=\"Notre histoire - Les cr\u00e9ations de Julia\" \/>\n<meta property=\"og:description\" content=\"Les cr\u00e9ations de Julia, c\u2019est l\u2019histoire de deux univers parfaitement compl\u00e9mentaires qui se rencontrent, ceux de Julia et Juliane. C\u2019est il y a 6 ans que les deux jeunes femmes se croisent pour la premi\u00e8re fois, dans leurs milieux professionnels respectifs, et comme une \u00e9vidence est n\u00e9e une amiti\u00e9 forte. D\u00e9but 2021, le projet \u201cLes cr\u00e9ations de Julia\u201d a \u00e9merg\u00e9,\u2026\" \/>\n<meta property=\"og:url\" content=\"https:\/\/lescreationsdejulia.fr\/index.php\/notre-histoire\/\" \/>\n<meta property=\"og:site_name\" content=\"Les cr\u00e9ations de Julia\" \/>\n<meta property=\"article:modified_time\" content=\"2022-05-06T10:24:47+00:00\" \/>\n<meta property=\"og:image\" content=\"https:\/\/lescreationsdejulia.fr\/wp-content\/uploads\/2021\/09\/Illustration_sans_titre-1024x512.jpg\" \/>\n<meta name=\"twitter:card\" content=\"summary_large_image\" \/>\n<meta name=\"twitter:label1\" content=\"Dur\u00e9e de lecture estim\u00e9e\" \/>\n\t<meta name=\"twitter:data1\" content=\"3 minutes\" \/>\n<script type=\"application\/ld+json\" class=\"yoast-schema-graph\">{\"@context\":\"https:\/\/schema.org\",\"@graph\":[{\"@type\":\"WebSite\",\"@id\":\"https:\/\/lescreationsdejulia.fr\/#website\",\"url\":\"https:\/\/lescreationsdejulia.fr\/\",\"name\":\"Les cr\u00e9ations de Julia\",\"description\":\"Fait main \u00e0 la fran\u00e7aise\",\"potentialAction\":[{\"@type\":\"SearchAction\",\"target\":{\"@type\":\"EntryPoint\",\"urlTemplate\":\"https:\/\/lescreationsdejulia.fr\/?s={search_term_string}\"},\"query-input\":\"required name=search_term_string\"}],\"inLanguage\":\"fr-FR\"},{\"@type\":\"ImageObject\",\"@id\":\"https:\/\/lescreationsdejulia.fr\/index.php\/notre-histoire\/#primaryimage\",\"inLanguage\":\"fr-FR\",\"url\":\"https:\/\/lescreationsdejulia.fr\/wp-content\/uploads\/2021\/09\/Illustration_sans_titre-1024x512.jpg\",\"contentUrl\":\"https:\/\/lescreationsdejulia.fr\/wp-content\/uploads\/2021\/09\/Illustration_sans_titre-1024x512.jpg\"},{\"@type\":\"WebPage\",\"@id\":\"https:\/\/lescreationsdejulia.fr\/index.php\/notre-histoire\/#webpage\",\"url\":\"https:\/\/lescreationsdejulia.fr\/index.php\/notre-histoire\/\",\"name\":\"Notre histoire - Les cr\u00e9ations de Julia\",\"isPartOf\":{\"@id\":\"https:\/\/lescreationsdejulia.fr\/#website\"},\"primaryImageOfPage\":{\"@id\":\"https:\/\/lescreationsdejulia.fr\/index.php\/notre-histoire\/#primaryimage\"},\"datePublished\":\"2021-07-21T12:41:30+00:00\",\"dateModified\":\"2022-05-06T10:24:47+00:00\",\"breadcrumb\":{\"@id\":\"https:\/\/lescreationsdejulia.fr\/index.php\/notre-histoire\/#breadcrumb\"},\"inLanguage\":\"fr-FR\",\"potentialAction\":[{\"@type\":\"ReadAction\",\"target\":[\"https:\/\/lescreationsdejulia.fr\/index.php\/notre-histoire\/\"]}]},{\"@type\":\"BreadcrumbList\",\"@id\":\"https:\/\/lescreationsdejulia.fr\/index.php\/notre-histoire\/#breadcrumb\",\"itemListElement\":[{\"@type\":\"ListItem\",\"position\":1,\"name\":\"Accueil\",\"item\":\"https:\/\/lescreationsdejulia.fr\/\"},{\"@type\":\"ListItem\",\"position\":2,\"name\":\"Notre histoire\"}]}]}<\/script>\n<!-- \/ Yoast SEO plugin. -->","yoast_head_json":{"title":"Notre histoire - Les cr\u00e9ations de Julia","robots":{"index":"index","follow":"follow","max-snippet":"max-snippet:-1","max-image-preview":"max-image-preview:large","max-video-preview":"max-video-preview:-1"},"canonical":"https:\/\/lescreationsdejulia.fr\/index.php\/notre-histoire\/","og_locale":"fr_FR","og_type":"article","og_title":"Notre histoire - Les cr\u00e9ations de Julia","og_description":"Les cr\u00e9ations de Julia, c\u2019est l\u2019histoire de deux univers parfaitement compl\u00e9mentaires qui se rencontrent, ceux de Julia et Juliane. C\u2019est il y a 6 ans que les deux jeunes femmes se croisent pour la premi\u00e8re fois, dans leurs milieux professionnels respectifs, et comme une \u00e9vidence est n\u00e9e une amiti\u00e9 forte. D\u00e9but 2021, le projet \u201cLes cr\u00e9ations de Julia\u201d a \u00e9merg\u00e9,\u2026","og_url":"https:\/\/lescreationsdejulia.fr\/index.php\/notre-histoire\/","og_site_name":"Les cr\u00e9ations de Julia","article_modified_time":"2022-05-06T10:24:47+00:00","og_image":[{"url":"https:\/\/lescreationsdejulia.fr\/wp-content\/uploads\/2021\/09\/Illustration_sans_titre-1024x512.jpg"}],"twitter_card":"summary_large_image","twitter_misc":{"Dur\u00e9e de lecture estim\u00e9e":"3 minutes"},"schema":{"@context":"https:\/\/schema.org","@graph":[{"@type":"WebSite","@id":"https:\/\/lescreationsdejulia.fr\/#website","url":"https:\/\/lescreationsdejulia.fr\/","name":"Les cr\u00e9ations de Julia","description":"Fait main \u00e0 la fran\u00e7aise","potentialAction":[{"@type":"SearchAction","target":{"@type":"EntryPoint","urlTemplate":"https:\/\/lescreationsdejulia.fr\/?s={search_term_string}"},"query-input":"required name=search_term_string"}],"inLanguage":"fr-FR"},{"@type":"ImageObject","@id":"https:\/\/lescreationsdejulia.fr\/index.php\/notre-histoire\/#primaryimage","inLanguage":"fr-FR","url":"https:\/\/lescreationsdejulia.fr\/wp-content\/uploads\/2021\/09\/Illustration_sans_titre-1024x512.jpg","contentUrl":"https:\/\/lescreationsdejulia.fr\/wp-content\/uploads\/2021\/09\/Illustration_sans_titre-1024x512.jpg"},{"@type":"WebPage","@id":"https:\/\/lescreationsdejulia.fr\/index.php\/notre-histoire\/#webpage","url":"https:\/\/lescreationsdejulia.fr\/index.php\/notre-histoire\/","name":"Notre histoire - Les cr\u00e9ations de Julia","isPartOf":{"@id":"https:\/\/lescreationsdejulia.fr\/#website"},"primaryImageOfPage":{"@id":"https:\/\/lescreationsdejulia.fr\/index.php\/notre-histoire\/#primaryimage"},"datePublished":"2021-07-21T12:41:30+00:00","dateModified":"2022-05-06T10:24:47+00:00","breadcrumb":{"@id":"https:\/\/lescreationsdejulia.fr\/index.php\/notre-histoire\/#breadcrumb"},"inLanguage":"fr-FR","potentialAction":[{"@type":"ReadAction","target":["https:\/\/lescreationsdejulia.fr\/index.php\/notre-histoire\/"]}]},{"@type":"BreadcrumbList","@id":"https:\/\/lescreationsdejulia.fr\/index.php\/notre-histoire\/#breadcrumb","itemListElement":[{"@type":"ListItem","position":1,"name":"Accueil","item":"https:\/\/lescreationsdejulia.fr\/"},{"@type":"ListItem","position":2,"name":"Notre histoire"}]}]}},"jetpack_sharing_enabled":true,"_links":{"self":[{"href":"https:\/\/lescreationsdejulia.fr\/index.php\/wp-json\/wp\/v2\/pages\/165"}],"collection":[{"href":"https:\/\/lescreationsdejulia.fr\/index.php\/wp-json\/wp\/v2\/pages"}],"about":[{"href":"https:\/\/lescreationsdejulia.fr\/index.php\/wp-json\/wp\/v2\/types\/page"}],"author":[{"embeddable":true,"href":"https:\/\/lescreationsdejulia.fr\/index.php\/wp-json\/wp\/v2\/users\/1"}],"replies":[{"embeddable":true,"href":"https:\/\/lescreationsdejulia.fr\/index.php\/wp-json\/wp\/v2\/comments?post=165"}],"version-history":[{"count":34,"href":"https:\/\/lescreationsdejulia.fr\/index.php\/wp-json\/wp\/v2\/pages\/165\/revisions"}],"predecessor-version":[{"id":1691,"href":"https:\/\/lescreationsdejulia.fr\/index.php\/wp-json\/wp\/v2\/pages\/165\/revisions\/1691"}],"wp:attachment":[{"href":"https:\/\/lescreationsdejulia.fr\/index.php\/wp-json\/wp\/v2\/media?parent=165"}],"curies":[{"name":"wp","href":"https:\/\/api.w.org\/{rel}","templated":true}]}}