{"id":1002,"date":"2021-10-28T11:54:29","date_gmt":"2021-10-28T09:54:29","guid":{"rendered":"http:\/\/lescreationsdejulia.fr\/?post_type=product&#038;p=1002"},"modified":"2022-11-23T19:58:58","modified_gmt":"2022-11-23T18:58:58","slug":"grande-bougie-fleurdecoton","status":"publish","type":"product","link":"https:\/\/lescreationsdejulia.fr\/index.php\/produit\/grande-bougie-fleurdecoton\/","title":{"rendered":"Grande bougie nature &#8220;Fleur de coton&#8221;"},"content":{"rendered":"<p>D\u00e9couvrez notre <strong>grande bougie nature \u201cfleur de coton\u201d<\/strong>, parfaite pour un cadeau. Ce sont des bougies artisanales made in Alsace.<\/p>\n<p><strong>Composition :<\/strong> 90% cire de soja Vegan et sans OGM, 10% de parfum Fleur de coton<\/p>\n<p><strong>Dur\u00e9e de br\u00fble :<\/strong> 115h<\/p>\n<p><strong>Contenance :<\/strong> 500ml<\/p>\n","protected":false},"excerpt":{"rendered":"<p>Maxi bougie artisanale nature de 500ml d\u00e9cor\u00e9e avec des fleurs s\u00e9ch\u00e9es provenant des 4 coins de France, elle apportera une touche ultra tendance \u00e0 votre int\u00e9rieur. L\u2019astuce z\u00e9ro-d\u00e9chet : le bocal fera un excellent contenant pour vos denr\u00e9es alimentaires apr\u00e8s consumation de la cire et lavage.<\/p>\n<p>Composition : 90% cire de soja Vegan et sans OGM, 10% de parfum de fleur de coton, \u00e0 titre indicatif notre bougie a une dur\u00e9e de br\u00fble de 114h.<\/p>\n","protected":false},"featured_media":1761,"template":"","meta":[],"product_cat":[140,126,23],"product_tag":[94,80],"yoast_head":"<!-- This site is optimized with the Yoast SEO plugin v18.4.1 - https:\/\/yoast.com\/wordpress\/plugins\/seo\/ -->\n<title>Grande bougie nature &quot;Fleur de coton&quot; - Les cr\u00e9ations de Julia<\/title>\n<meta name=\"description\" content=\"D\u00e9couvrez notre grande bougie nature \u201cfleur de coton\u201d, parfaite pour un cadeau. Ce sont des bougies artisanales made in Alsace.\" \/>\n<meta name=\"robots\" content=\"index, follow, max-snippet:-1, max-image-preview:large, max-video-preview:-1\" \/>\n<link rel=\"canonical\" href=\"https:\/\/lescreationsdejulia.fr\/index.php\/produit\/grande-bougie-fleurdecoton\/\" \/>\n<meta property=\"og:locale\" content=\"fr_FR\" \/>\n<meta property=\"og:type\" content=\"article\" \/>\n<meta property=\"og:title\" content=\"Grande bougie nature &quot;Fleur de coton&quot; - Les cr\u00e9ations de Julia\" \/>\n<meta property=\"og:description\" content=\"D\u00e9couvrez notre grande bougie nature \u201cfleur de coton\u201d, parfaite pour un cadeau. Ce sont des bougies artisanales made in Alsace.\" \/>\n<meta property=\"og:url\" content=\"https:\/\/lescreationsdejulia.fr\/index.php\/produit\/grande-bougie-fleurdecoton\/\" \/>\n<meta property=\"og:site_name\" content=\"Les cr\u00e9ations de Julia\" \/>\n<meta property=\"article:modified_time\" content=\"2022-11-23T18:58:58+00:00\" \/>\n<meta property=\"og:image\" content=\"https:\/\/lescreationsdejulia.fr\/wp-content\/uploads\/2022\/05\/IMG_6508-e1653386136153.jpg\" \/>\n\t<meta property=\"og:image:width\" content=\"1536\" \/>\n\t<meta property=\"og:image:height\" content=\"1536\" \/>\n\t<meta property=\"og:image:type\" content=\"image\/jpeg\" \/>\n<meta name=\"twitter:card\" content=\"summary_large_image\" \/>\n<meta name=\"twitter:label1\" content=\"Dur\u00e9e de lecture estim\u00e9e\" \/>\n\t<meta name=\"twitter:data1\" content=\"1 minute\" \/>\n<script type=\"application\/ld+json\" class=\"yoast-schema-graph\">{\"@context\":\"https:\/\/schema.org\",\"@graph\":[{\"@type\":\"WebSite\",\"@id\":\"https:\/\/lescreationsdejulia.fr\/#website\",\"url\":\"https:\/\/lescreationsdejulia.fr\/\",\"name\":\"Les cr\u00e9ations de Julia\",\"description\":\"Fait main \u00e0 la fran\u00e7aise\",\"potentialAction\":[{\"@type\":\"SearchAction\",\"target\":{\"@type\":\"EntryPoint\",\"urlTemplate\":\"https:\/\/lescreationsdejulia.fr\/?s={search_term_string}\"},\"query-input\":\"required name=search_term_string\"}],\"inLanguage\":\"fr-FR\"},{\"@type\":\"ImageObject\",\"@id\":\"https:\/\/lescreationsdejulia.fr\/index.php\/produit\/grande-bougie-fleurdecoton\/#primaryimage\",\"inLanguage\":\"fr-FR\",\"url\":\"https:\/\/i0.wp.com\/lescreationsdejulia.fr\/wp-content\/uploads\/2022\/05\/IMG_6508-e1653386136153.jpg?fit=1536%2C1536&ssl=1\",\"contentUrl\":\"https:\/\/i0.wp.com\/lescreationsdejulia.fr\/wp-content\/uploads\/2022\/05\/IMG_6508-e1653386136153.jpg?fit=1536%2C1536&ssl=1\",\"width\":1536,\"height\":1536},{\"@type\":\"WebPage\",\"@id\":\"https:\/\/lescreationsdejulia.fr\/index.php\/produit\/grande-bougie-fleurdecoton\/#webpage\",\"url\":\"https:\/\/lescreationsdejulia.fr\/index.php\/produit\/grande-bougie-fleurdecoton\/\",\"name\":\"Grande bougie nature \\\"Fleur de coton\\\" - Les cr\u00e9ations de Julia\",\"isPartOf\":{\"@id\":\"https:\/\/lescreationsdejulia.fr\/#website\"},\"primaryImageOfPage\":{\"@id\":\"https:\/\/lescreationsdejulia.fr\/index.php\/produit\/grande-bougie-fleurdecoton\/#primaryimage\"},\"datePublished\":\"2021-10-28T09:54:29+00:00\",\"dateModified\":\"2022-11-23T18:58:58+00:00\",\"description\":\"D\u00e9couvrez notre grande bougie nature \u201cfleur de coton\u201d, parfaite pour un cadeau. Ce sont des bougies artisanales made in Alsace.\",\"breadcrumb\":{\"@id\":\"https:\/\/lescreationsdejulia.fr\/index.php\/produit\/grande-bougie-fleurdecoton\/#breadcrumb\"},\"inLanguage\":\"fr-FR\",\"potentialAction\":[{\"@type\":\"ReadAction\",\"target\":[\"https:\/\/lescreationsdejulia.fr\/index.php\/produit\/grande-bougie-fleurdecoton\/\"]}]},{\"@type\":\"BreadcrumbList\",\"@id\":\"https:\/\/lescreationsdejulia.fr\/index.php\/produit\/grande-bougie-fleurdecoton\/#breadcrumb\",\"itemListElement\":[{\"@type\":\"ListItem\",\"position\":1,\"name\":\"Accueil\",\"item\":\"https:\/\/lescreationsdejulia.fr\/\"},{\"@type\":\"ListItem\",\"position\":2,\"name\":\"Les box\",\"item\":\"https:\/\/lescreationsdejulia.fr\/index.php\/box\/\"},{\"@type\":\"ListItem\",\"position\":3,\"name\":\"Grande bougie nature &#8220;Fleur de coton&#8221;\"}]}]}<\/script>\n<!-- \/ Yoast SEO plugin. -->","yoast_head_json":{"title":"Grande bougie nature \"Fleur de coton\" - Les cr\u00e9ations de Julia","description":"D\u00e9couvrez notre grande bougie nature \u201cfleur de coton\u201d, parfaite pour un cadeau. Ce sont des bougies artisanales made in Alsace.","robots":{"index":"index","follow":"follow","max-snippet":"max-snippet:-1","max-image-preview":"max-image-preview:large","max-video-preview":"max-video-preview:-1"},"canonical":"https:\/\/lescreationsdejulia.fr\/index.php\/produit\/grande-bougie-fleurdecoton\/","og_locale":"fr_FR","og_type":"article","og_title":"Grande bougie nature \"Fleur de coton\" - Les cr\u00e9ations de Julia","og_description":"D\u00e9couvrez notre grande bougie nature \u201cfleur de coton\u201d, parfaite pour un cadeau. Ce sont des bougies artisanales made in Alsace.","og_url":"https:\/\/lescreationsdejulia.fr\/index.php\/produit\/grande-bougie-fleurdecoton\/","og_site_name":"Les cr\u00e9ations de Julia","article_modified_time":"2022-11-23T18:58:58+00:00","og_image":[{"width":1536,"height":1536,"url":"https:\/\/lescreationsdejulia.fr\/wp-content\/uploads\/2022\/05\/IMG_6508-e1653386136153.jpg","type":"image\/jpeg"}],"twitter_card":"summary_large_image","twitter_misc":{"Dur\u00e9e de lecture estim\u00e9e":"1 minute"},"schema":{"@context":"https:\/\/schema.org","@graph":[{"@type":"WebSite","@id":"https:\/\/lescreationsdejulia.fr\/#website","url":"https:\/\/lescreationsdejulia.fr\/","name":"Les cr\u00e9ations de Julia","description":"Fait main \u00e0 la fran\u00e7aise","potentialAction":[{"@type":"SearchAction","target":{"@type":"EntryPoint","urlTemplate":"https:\/\/lescreationsdejulia.fr\/?s={search_term_string}"},"query-input":"required name=search_term_string"}],"inLanguage":"fr-FR"},{"@type":"ImageObject","@id":"https:\/\/lescreationsdejulia.fr\/index.php\/produit\/grande-bougie-fleurdecoton\/#primaryimage","inLanguage":"fr-FR","url":"https:\/\/i0.wp.com\/lescreationsdejulia.fr\/wp-content\/uploads\/2022\/05\/IMG_6508-e1653386136153.jpg?fit=1536%2C1536&ssl=1","contentUrl":"https:\/\/i0.wp.com\/lescreationsdejulia.fr\/wp-content\/uploads\/2022\/05\/IMG_6508-e1653386136153.jpg?fit=1536%2C1536&ssl=1","width":1536,"height":1536},{"@type":"WebPage","@id":"https:\/\/lescreationsdejulia.fr\/index.php\/produit\/grande-bougie-fleurdecoton\/#webpage","url":"https:\/\/lescreationsdejulia.fr\/index.php\/produit\/grande-bougie-fleurdecoton\/","name":"Grande bougie nature \"Fleur de coton\" - Les cr\u00e9ations de Julia","isPartOf":{"@id":"https:\/\/lescreationsdejulia.fr\/#website"},"primaryImageOfPage":{"@id":"https:\/\/lescreationsdejulia.fr\/index.php\/produit\/grande-bougie-fleurdecoton\/#primaryimage"},"datePublished":"2021-10-28T09:54:29+00:00","dateModified":"2022-11-23T18:58:58+00:00","description":"D\u00e9couvrez notre grande bougie nature \u201cfleur de coton\u201d, parfaite pour un cadeau. Ce sont des bougies artisanales made in Alsace.","breadcrumb":{"@id":"https:\/\/lescreationsdejulia.fr\/index.php\/produit\/grande-bougie-fleurdecoton\/#breadcrumb"},"inLanguage":"fr-FR","potentialAction":[{"@type":"ReadAction","target":["https:\/\/lescreationsdejulia.fr\/index.php\/produit\/grande-bougie-fleurdecoton\/"]}]},{"@type":"BreadcrumbList","@id":"https:\/\/lescreationsdejulia.fr\/index.php\/produit\/grande-bougie-fleurdecoton\/#breadcrumb","itemListElement":[{"@type":"ListItem","position":1,"name":"Accueil","item":"https:\/\/lescreationsdejulia.fr\/"},{"@type":"ListItem","position":2,"name":"Les box","item":"https:\/\/lescreationsdejulia.fr\/index.php\/box\/"},{"@type":"ListItem","position":3,"name":"Grande bougie nature &#8220;Fleur de coton&#8221;"}]}]}},"jetpack_sharing_enabled":true,"_links":{"self":[{"href":"https:\/\/lescreationsdejulia.fr\/index.php\/wp-json\/wp\/v2\/product\/1002"}],"collection":[{"href":"https:\/\/lescreationsdejulia.fr\/index.php\/wp-json\/wp\/v2\/product"}],"about":[{"href":"https:\/\/lescreationsdejulia.fr\/index.php\/wp-json\/wp\/v2\/types\/product"}],"wp:featuredmedia":[{"embeddable":true,"href":"https:\/\/lescreationsdejulia.fr\/index.php\/wp-json\/wp\/v2\/media\/1761"}],"wp:attachment":[{"href":"https:\/\/lescreationsdejulia.fr\/index.php\/wp-json\/wp\/v2\/media?parent=1002"}],"wp:term":[{"taxonomy":"product_cat","embeddable":true,"href":"https:\/\/lescreationsdejulia.fr\/index.php\/wp-json\/wp\/v2\/product_cat?post=1002"},{"taxonomy":"product_tag","embeddable":true,"href":"https:\/\/lescreationsdejulia.fr\/index.php\/wp-json\/wp\/v2\/product_tag?post=1002"}],"curies":[{"name":"wp","href":"https:\/\/api.w.org\/{rel}","templated":true}]}}