{"id":1104,"date":"2022-01-12T16:31:58","date_gmt":"2022-01-12T15:31:58","guid":{"rendered":"https:\/\/lescreationsdejulia.fr\/?post_type=product&#038;p=1104"},"modified":"2023-03-30T16:11:24","modified_gmt":"2023-03-30T14:11:24","slug":"fairepart-mariageestival","status":"publish","type":"product","link":"https:\/\/lescreationsdejulia.fr\/index.php\/produit\/fairepart-mariageestival\/","title":{"rendered":"Faire-part de mariage Estival"},"content":{"rendered":"<p>D\u00e9couvrez l&#8217;une de nos collections de faire-part de mariage &#8220;Estival&#8221;, elle est parfaite pour annoncer \u00e0 tous vos invit\u00e9s la nouvelle.<\/p>\n<p>Tous nos faire-part sont imprim\u00e9s par nos soins sur du papier grain\u00e9 style &#8220;Canson&#8221; 224g\/m2 et dessin\u00e9s par Julia Jordy :<\/p>\n<ul>\n<li>Option 1 : Save the date + enveloppe + sticker<\/li>\n<li>Option 2 : Save the date + enveloppe + sticker + \u00e9tiquette adresse<\/li>\n<li>Option 3 : Faire-part recto\/verso + enveloppe + sticker<\/li>\n<li>Option 4 : Faire-part recto\/verso + enveloppe + sticker + \u00e9tiquette adresse<\/li>\n<li>Option 5 : Faire-part recto\/verso + enveloppe + sticker + feuillet<\/li>\n<li>Option 6 : Faire-part recto\/verso + enveloppe + sticker + \u00e9tiquette adresse + feuillet<\/li>\n<li>Option 7 : Menu + marque-place + num\u00e9ro de table<\/li>\n<li>Option 8 : Plan de table<\/li>\n<li>Option 9 : Panneau de bienvenue A3<\/li>\n<\/ul>\n","protected":false},"excerpt":{"rendered":"<p>La collection de faire-part &#8220;mariage estival&#8221; offre la possibilit\u00e9 de cr\u00e9er une ligne conductrice \u00e0 votre mariage, en passant des invitations jusqu&#8217;\u00e0 la d\u00e9coration de vos tables et panneau de bienvenue. Les diff\u00e9rentes options disponibles \u00e0 la vente sont d\u00e9taill\u00e9es plus bas, mais comme nous savons que chaque mariage est unique, il est aussi possible de nous faire part de votre demande SUR-MESURE par mail \u00e0 l&#8217;adresse : julia@lescreationsdejulia.fr.<\/p>\n<p>Pour toutes nos collections, nous proposons des mises en pages et polices diff\u00e9rentes.<\/p>\n<p><strong>N&#8217;oubliez pas de nous indiquer votre mail \u00e0 la commande, nous vous contacterons sous 24h pour faire le point sur votre projet et \u00e9tablir une maquette.\u00a0<\/strong><\/p>\n","protected":false},"featured_media":2066,"template":"","meta":[],"product_cat":[115,102],"product_tag":[117,119,105,118,120],"yoast_head":"<!-- This site is optimized with the Yoast SEO plugin v18.4.1 - https:\/\/yoast.com\/wordpress\/plugins\/seo\/ -->\n<title>Faire-part de mariage Estival - Les cr\u00e9ations de Julia<\/title>\n<meta name=\"description\" content=\"D\u00e9couvrez l&#039;une de nos collections de faire-part de mariage &quot;Estival&quot;, elle est parfaite pour annoncer \u00e0 tous vos invit\u00e9s la nouvelle.\" \/>\n<meta name=\"robots\" content=\"index, follow, max-snippet:-1, max-image-preview:large, max-video-preview:-1\" \/>\n<link rel=\"canonical\" href=\"https:\/\/lescreationsdejulia.fr\/index.php\/produit\/fairepart-mariageestival\/\" \/>\n<meta property=\"og:locale\" content=\"fr_FR\" \/>\n<meta property=\"og:type\" content=\"article\" \/>\n<meta property=\"og:title\" content=\"Faire-part de mariage Estival - Les cr\u00e9ations de Julia\" \/>\n<meta property=\"og:description\" content=\"D\u00e9couvrez l&#039;une de nos collections de faire-part de mariage &quot;Estival&quot;, elle est parfaite pour annoncer \u00e0 tous vos invit\u00e9s la nouvelle.\" \/>\n<meta property=\"og:url\" content=\"https:\/\/lescreationsdejulia.fr\/index.php\/produit\/fairepart-mariageestival\/\" \/>\n<meta property=\"og:site_name\" content=\"Les cr\u00e9ations de Julia\" \/>\n<meta property=\"article:modified_time\" content=\"2023-03-30T14:11:24+00:00\" \/>\n<meta property=\"og:image\" content=\"https:\/\/lescreationsdejulia.fr\/wp-content\/uploads\/2022\/01\/DSC_0027-scaled.jpg\" \/>\n\t<meta property=\"og:image:width\" content=\"2560\" \/>\n\t<meta property=\"og:image:height\" content=\"1707\" \/>\n\t<meta property=\"og:image:type\" content=\"image\/jpeg\" \/>\n<meta name=\"twitter:card\" content=\"summary_large_image\" \/>\n<meta name=\"twitter:label1\" content=\"Dur\u00e9e de lecture estim\u00e9e\" \/>\n\t<meta name=\"twitter:data1\" content=\"1 minute\" \/>\n<script type=\"application\/ld+json\" class=\"yoast-schema-graph\">{\"@context\":\"https:\/\/schema.org\",\"@graph\":[{\"@type\":\"WebSite\",\"@id\":\"https:\/\/lescreationsdejulia.fr\/#website\",\"url\":\"https:\/\/lescreationsdejulia.fr\/\",\"name\":\"Les cr\u00e9ations de Julia\",\"description\":\"Fait main \u00e0 la fran\u00e7aise\",\"potentialAction\":[{\"@type\":\"SearchAction\",\"target\":{\"@type\":\"EntryPoint\",\"urlTemplate\":\"https:\/\/lescreationsdejulia.fr\/?s={search_term_string}\"},\"query-input\":\"required name=search_term_string\"}],\"inLanguage\":\"fr-FR\"},{\"@type\":\"ImageObject\",\"@id\":\"https:\/\/lescreationsdejulia.fr\/index.php\/produit\/fairepart-mariageestival\/#primaryimage\",\"inLanguage\":\"fr-FR\",\"url\":\"https:\/\/i0.wp.com\/lescreationsdejulia.fr\/wp-content\/uploads\/2022\/01\/DSC_0027-scaled.jpg?fit=2560%2C1707&ssl=1\",\"contentUrl\":\"https:\/\/i0.wp.com\/lescreationsdejulia.fr\/wp-content\/uploads\/2022\/01\/DSC_0027-scaled.jpg?fit=2560%2C1707&ssl=1\",\"width\":2560,\"height\":1707},{\"@type\":\"WebPage\",\"@id\":\"https:\/\/lescreationsdejulia.fr\/index.php\/produit\/fairepart-mariageestival\/#webpage\",\"url\":\"https:\/\/lescreationsdejulia.fr\/index.php\/produit\/fairepart-mariageestival\/\",\"name\":\"Faire-part de mariage Estival - Les cr\u00e9ations de Julia\",\"isPartOf\":{\"@id\":\"https:\/\/lescreationsdejulia.fr\/#website\"},\"primaryImageOfPage\":{\"@id\":\"https:\/\/lescreationsdejulia.fr\/index.php\/produit\/fairepart-mariageestival\/#primaryimage\"},\"datePublished\":\"2022-01-12T15:31:58+00:00\",\"dateModified\":\"2023-03-30T14:11:24+00:00\",\"description\":\"D\u00e9couvrez l'une de nos collections de faire-part de mariage \\\"Estival\\\", elle est parfaite pour annoncer \u00e0 tous vos invit\u00e9s la nouvelle.\",\"breadcrumb\":{\"@id\":\"https:\/\/lescreationsdejulia.fr\/index.php\/produit\/fairepart-mariageestival\/#breadcrumb\"},\"inLanguage\":\"fr-FR\",\"potentialAction\":[{\"@type\":\"ReadAction\",\"target\":[\"https:\/\/lescreationsdejulia.fr\/index.php\/produit\/fairepart-mariageestival\/\"]}]},{\"@type\":\"BreadcrumbList\",\"@id\":\"https:\/\/lescreationsdejulia.fr\/index.php\/produit\/fairepart-mariageestival\/#breadcrumb\",\"itemListElement\":[{\"@type\":\"ListItem\",\"position\":1,\"name\":\"Accueil\",\"item\":\"https:\/\/lescreationsdejulia.fr\/\"},{\"@type\":\"ListItem\",\"position\":2,\"name\":\"Les box\",\"item\":\"https:\/\/lescreationsdejulia.fr\/index.php\/box\/\"},{\"@type\":\"ListItem\",\"position\":3,\"name\":\"Faire-part de mariage Estival\"}]}]}<\/script>\n<!-- \/ Yoast SEO plugin. -->","yoast_head_json":{"title":"Faire-part de mariage Estival - Les cr\u00e9ations de Julia","description":"D\u00e9couvrez l'une de nos collections de faire-part de mariage \"Estival\", elle est parfaite pour annoncer \u00e0 tous vos invit\u00e9s la nouvelle.","robots":{"index":"index","follow":"follow","max-snippet":"max-snippet:-1","max-image-preview":"max-image-preview:large","max-video-preview":"max-video-preview:-1"},"canonical":"https:\/\/lescreationsdejulia.fr\/index.php\/produit\/fairepart-mariageestival\/","og_locale":"fr_FR","og_type":"article","og_title":"Faire-part de mariage Estival - Les cr\u00e9ations de Julia","og_description":"D\u00e9couvrez l'une de nos collections de faire-part de mariage \"Estival\", elle est parfaite pour annoncer \u00e0 tous vos invit\u00e9s la nouvelle.","og_url":"https:\/\/lescreationsdejulia.fr\/index.php\/produit\/fairepart-mariageestival\/","og_site_name":"Les cr\u00e9ations de Julia","article_modified_time":"2023-03-30T14:11:24+00:00","og_image":[{"width":2560,"height":1707,"url":"https:\/\/lescreationsdejulia.fr\/wp-content\/uploads\/2022\/01\/DSC_0027-scaled.jpg","type":"image\/jpeg"}],"twitter_card":"summary_large_image","twitter_misc":{"Dur\u00e9e de lecture estim\u00e9e":"1 minute"},"schema":{"@context":"https:\/\/schema.org","@graph":[{"@type":"WebSite","@id":"https:\/\/lescreationsdejulia.fr\/#website","url":"https:\/\/lescreationsdejulia.fr\/","name":"Les cr\u00e9ations de Julia","description":"Fait main \u00e0 la fran\u00e7aise","potentialAction":[{"@type":"SearchAction","target":{"@type":"EntryPoint","urlTemplate":"https:\/\/lescreationsdejulia.fr\/?s={search_term_string}"},"query-input":"required name=search_term_string"}],"inLanguage":"fr-FR"},{"@type":"ImageObject","@id":"https:\/\/lescreationsdejulia.fr\/index.php\/produit\/fairepart-mariageestival\/#primaryimage","inLanguage":"fr-FR","url":"https:\/\/i0.wp.com\/lescreationsdejulia.fr\/wp-content\/uploads\/2022\/01\/DSC_0027-scaled.jpg?fit=2560%2C1707&ssl=1","contentUrl":"https:\/\/i0.wp.com\/lescreationsdejulia.fr\/wp-content\/uploads\/2022\/01\/DSC_0027-scaled.jpg?fit=2560%2C1707&ssl=1","width":2560,"height":1707},{"@type":"WebPage","@id":"https:\/\/lescreationsdejulia.fr\/index.php\/produit\/fairepart-mariageestival\/#webpage","url":"https:\/\/lescreationsdejulia.fr\/index.php\/produit\/fairepart-mariageestival\/","name":"Faire-part de mariage Estival - Les cr\u00e9ations de Julia","isPartOf":{"@id":"https:\/\/lescreationsdejulia.fr\/#website"},"primaryImageOfPage":{"@id":"https:\/\/lescreationsdejulia.fr\/index.php\/produit\/fairepart-mariageestival\/#primaryimage"},"datePublished":"2022-01-12T15:31:58+00:00","dateModified":"2023-03-30T14:11:24+00:00","description":"D\u00e9couvrez l'une de nos collections de faire-part de mariage \"Estival\", elle est parfaite pour annoncer \u00e0 tous vos invit\u00e9s la nouvelle.","breadcrumb":{"@id":"https:\/\/lescreationsdejulia.fr\/index.php\/produit\/fairepart-mariageestival\/#breadcrumb"},"inLanguage":"fr-FR","potentialAction":[{"@type":"ReadAction","target":["https:\/\/lescreationsdejulia.fr\/index.php\/produit\/fairepart-mariageestival\/"]}]},{"@type":"BreadcrumbList","@id":"https:\/\/lescreationsdejulia.fr\/index.php\/produit\/fairepart-mariageestival\/#breadcrumb","itemListElement":[{"@type":"ListItem","position":1,"name":"Accueil","item":"https:\/\/lescreationsdejulia.fr\/"},{"@type":"ListItem","position":2,"name":"Les box","item":"https:\/\/lescreationsdejulia.fr\/index.php\/box\/"},{"@type":"ListItem","position":3,"name":"Faire-part de mariage Estival"}]}]}},"jetpack_sharing_enabled":true,"_links":{"self":[{"href":"https:\/\/lescreationsdejulia.fr\/index.php\/wp-json\/wp\/v2\/product\/1104"}],"collection":[{"href":"https:\/\/lescreationsdejulia.fr\/index.php\/wp-json\/wp\/v2\/product"}],"about":[{"href":"https:\/\/lescreationsdejulia.fr\/index.php\/wp-json\/wp\/v2\/types\/product"}],"wp:featuredmedia":[{"embeddable":true,"href":"https:\/\/lescreationsdejulia.fr\/index.php\/wp-json\/wp\/v2\/media\/2066"}],"wp:attachment":[{"href":"https:\/\/lescreationsdejulia.fr\/index.php\/wp-json\/wp\/v2\/media?parent=1104"}],"wp:term":[{"taxonomy":"product_cat","embeddable":true,"href":"https:\/\/lescreationsdejulia.fr\/index.php\/wp-json\/wp\/v2\/product_cat?post=1104"},{"taxonomy":"product_tag","embeddable":true,"href":"https:\/\/lescreationsdejulia.fr\/index.php\/wp-json\/wp\/v2\/product_tag?post=1104"}],"curies":[{"name":"wp","href":"https:\/\/api.w.org\/{rel}","templated":true}]}}

<p>Découvrez l&#8217;une de nos collections de faire-part de mariage &#8220;Estival&#8221;, elle est parfaite pour annoncer à tous vos invités la nouvelle.</p>
<p>Tous nos faire-part sont imprimés par nos soins sur du papier grainé style &#8220;Canson&#8221; 224g/m2 et dessinés par Julia Jordy :</p>
<ul>
<li>Option 1 : Save the date + enveloppe + sticker</li>
<li>Option 2 : Save the date + enveloppe + sticker + étiquette adresse</li>
<li>Option 3 : Faire-part recto/verso + enveloppe + sticker</li>
<li>Option 4 : Faire-part recto/verso + enveloppe + sticker + étiquette adresse</li>
<li>Option 5 : Faire-part recto/verso + enveloppe + sticker + feuillet</li>
<li>Option 6 : Faire-part recto/verso + enveloppe + sticker + étiquette adresse + feuillet</li>
<li>Option 7 : Menu + marque-place + numéro de table</li>
<li>Option 8 : Plan de table</li>
<li>Option 9 : Panneau de bienvenue A3</li>
</ul>

<p>La collection de faire-part &#8220;mariage estival&#8221; offre la possibilité de créer une ligne conductrice à votre mariage, en passant des invitations jusqu&#8217;à la décoration de vos tables et panneau de bienvenue. Les différentes options disponibles à la vente sont détaillées plus bas, mais comme nous savons que chaque mariage est unique, il est aussi possible de nous faire part de votre demande SUR-MESURE par mail à l&#8217;adresse : julia@lescreationsdejulia.fr.</p>
<p>Pour toutes nos collections, nous proposons des mises en pages et polices différentes.</p>
<p><strong>N&#8217;oubliez pas de nous indiquer votre mail à la commande, nous vous contacterons sous 24h pour faire le point sur votre projet et établir une maquette. </strong></p>

<!-- This site is optimized with the Yoast SEO plugin v18.4.1 - https://yoast.com/wordpress/plugins/seo/ -->
<title>Faire-part de mariage Estival - Les créations de Julia</title>
<meta name="description" content="Découvrez l&#039;une de nos collections de faire-part de mariage &quot;Estival&quot;, elle est parfaite pour annoncer à tous vos invités la nouvelle." />
<meta name="robots" content="index, follow, max-snippet:-1, max-image-preview:large, max-video-preview:-1" />
<link rel="canonical" href="https://lescreationsdejulia.fr/index.php/produit/fairepart-mariageestival/" />
<meta property="og:locale" content="fr_FR" />
<meta property="og:type" content="article" />
<meta property="og:title" content="Faire-part de mariage Estival - Les créations de Julia" />
<meta property="og:description" content="Découvrez l&#039;une de nos collections de faire-part de mariage &quot;Estival&quot;, elle est parfaite pour annoncer à tous vos invités la nouvelle." />
<meta property="og:url" content="https://lescreationsdejulia.fr/index.php/produit/fairepart-mariageestival/" />
<meta property="og:site_name" content="Les créations de Julia" />
<meta property="article:modified_time" content="2023-03-30T14:11:24+00:00" />
<meta property="og:image" content="https://lescreationsdejulia.fr/wp-content/uploads/2022/01/DSC_0027-scaled.jpg" />
	<meta property="og:image:width" content="2560" />
	<meta property="og:image:height" content="1707" />
	<meta property="og:image:type" content="image/jpeg" />
<meta name="twitter:card" content="summary_large_image" />
<meta name="twitter:label1" content="Durée de lecture estimée" />
	<meta name="twitter:data1" content="1 minute" />
<script type="application/ld+json" class="yoast-schema-graph">{"@context":"https://schema.org","@graph":[{"@type":"WebSite","@id":"https://lescreationsdejulia.fr/#website","url":"https://lescreationsdejulia.fr/","name":"Les créations de Julia","description":"Fait main à la française","potentialAction":[{"@type":"SearchAction","target":{"@type":"EntryPoint","urlTemplate":"https://lescreationsdejulia.fr/?s={search_term_string}"},"query-input":"required name=search_term_string"}],"inLanguage":"fr-FR"},{"@type":"ImageObject","@id":"https://lescreationsdejulia.fr/index.php/produit/fairepart-mariageestival/#primaryimage","inLanguage":"fr-FR","url":"https://i0.wp.com/lescreationsdejulia.fr/wp-content/uploads/2022/01/DSC_0027-scaled.jpg?fit=2560%2C1707&ssl=1","contentUrl":"https://i0.wp.com/lescreationsdejulia.fr/wp-content/uploads/2022/01/DSC_0027-scaled.jpg?fit=2560%2C1707&ssl=1","width":2560,"height":1707},{"@type":"WebPage","@id":"https://lescreationsdejulia.fr/index.php/produit/fairepart-mariageestival/#webpage","url":"https://lescreationsdejulia.fr/index.php/produit/fairepart-mariageestival/","name":"Faire-part de mariage Estival - Les créations de Julia","isPartOf":{"@id":"https://lescreationsdejulia.fr/#website"},"primaryImageOfPage":{"@id":"https://lescreationsdejulia.fr/index.php/produit/fairepart-mariageestival/#primaryimage"},"datePublished":"2022-01-12T15:31:58+00:00","dateModified":"2023-03-30T14:11:24+00:00","description":"Découvrez l'une de nos collections de faire-part de mariage \"Estival\", elle est parfaite pour annoncer à tous vos invités la nouvelle.","breadcrumb":{"@id":"https://lescreationsdejulia.fr/index.php/produit/fairepart-mariageestival/#breadcrumb"},"inLanguage":"fr-FR","potentialAction":[{"@type":"ReadAction","target":["https://lescreationsdejulia.fr/index.php/produit/fairepart-mariageestival/"]}]},{"@type":"BreadcrumbList","@id":"https://lescreationsdejulia.fr/index.php/produit/fairepart-mariageestival/#breadcrumb","itemListElement":[{"@type":"ListItem","position":1,"name":"Accueil","item":"https://lescreationsdejulia.fr/"},{"@type":"ListItem","position":2,"name":"Les box","item":"https://lescreationsdejulia.fr/index.php/box/"},{"@type":"ListItem","position":3,"name":"Faire-part de mariage Estival"}]}]}</script>
<!-- / Yoast SEO plugin. -->

Faire-part de mariage Estival - Les créations de Julia

Découvrez l'une de nos collections de faire-part de mariage "Estival", elle est parfaite pour annoncer à tous vos invités la nouvelle.

Les créations de Julia

Fait main à la française
