{"id":2059,"date":"2023-03-28T15:41:21","date_gmt":"2023-03-28T13:41:21","guid":{"rendered":"https:\/\/lescreationsdejulia.fr\/?post_type=product&#038;p=2059"},"modified":"2023-03-28T15:41:22","modified_gmt":"2023-03-28T13:41:22","slug":"commande-emilie","status":"publish","type":"product","link":"https:\/\/lescreationsdejulia.fr\/index.php\/produit\/commande-emilie\/","title":{"rendered":"Commande Emilie"},"content":{"rendered":"<p>Notre collection de papeterie est imprim\u00e9e par nos soins sur du papier grain\u00e9 style \u201cCanson\u201d 224g\/m2 et dessin\u00e9 main par Julia Jordy<\/p>\n<ul>\n<li>20 menu + 18 num\u00e9ros de table + 30 marque-place (table d&#8217;honneur) : 63\u20ac TTC<\/li>\n<li>18 feuillets plan de table : 19,87\u20ac TTC<\/li>\n<li>3 affiches A3 et 1 affiche A4 : 48\u20ac TTC<\/li>\n<li>Suppl\u00e9ment cr\u00e9ations de papeterie : 20\u20ac TTC<\/li>\n<\/ul>\n","protected":false},"excerpt":{"rendered":"<p>Notre collection de papeterie est imprim\u00e9e par nos soins sur du papier grain\u00e9 style \u201cCanson\u201d 224g\/m2 et dessin\u00e9 main par Julia Jordy 20 menu + 18 num\u00e9ros de table + 30 marque-place (table d&#8217;honneur) : 63\u20ac TTC 18 feuillets plan de table : 19,87\u20ac TTC 3 affiches A3 et 1 affiche A4 : 48\u20ac TTC Suppl\u00e9ment cr\u00e9ations de papeterie :\u2026<\/p>\n","protected":false},"featured_media":0,"template":"","meta":[],"product_cat":[15],"product_tag":[],"yoast_head":"<!-- This site is optimized with the Yoast SEO plugin v18.4.1 - https:\/\/yoast.com\/wordpress\/plugins\/seo\/ -->\n<title>Commande Emilie - Les cr\u00e9ations de Julia<\/title>\n<meta name=\"robots\" content=\"index, follow, max-snippet:-1, max-image-preview:large, max-video-preview:-1\" \/>\n<link rel=\"canonical\" href=\"https:\/\/lescreationsdejulia.fr\/index.php\/produit\/commande-emilie\/\" \/>\n<meta property=\"og:locale\" content=\"fr_FR\" \/>\n<meta property=\"og:type\" content=\"article\" \/>\n<meta property=\"og:title\" content=\"Commande Emilie - Les cr\u00e9ations de Julia\" \/>\n<meta property=\"og:description\" content=\"Notre collection de papeterie est imprim\u00e9e par nos soins sur du papier grain\u00e9 style \u201cCanson\u201d 224g\/m2 et dessin\u00e9 main par Julia Jordy 20 menu + 18 num\u00e9ros de table + 30 marque-place (table d&#8217;honneur) : 63\u20ac TTC 18 feuillets plan de table : 19,87\u20ac TTC 3 affiches A3 et 1 affiche A4 : 48\u20ac TTC Suppl\u00e9ment cr\u00e9ations de papeterie :\u2026\" \/>\n<meta property=\"og:url\" content=\"https:\/\/lescreationsdejulia.fr\/index.php\/produit\/commande-emilie\/\" \/>\n<meta property=\"og:site_name\" content=\"Les cr\u00e9ations de Julia\" \/>\n<meta property=\"article:modified_time\" content=\"2023-03-28T13:41:22+00:00\" \/>\n<meta name=\"twitter:card\" content=\"summary_large_image\" \/>\n<meta name=\"twitter:label1\" content=\"Dur\u00e9e de lecture estim\u00e9e\" \/>\n\t<meta name=\"twitter:data1\" content=\"1 minute\" \/>\n<script type=\"application\/ld+json\" class=\"yoast-schema-graph\">{\"@context\":\"https:\/\/schema.org\",\"@graph\":[{\"@type\":\"WebSite\",\"@id\":\"https:\/\/lescreationsdejulia.fr\/#website\",\"url\":\"https:\/\/lescreationsdejulia.fr\/\",\"name\":\"Les cr\u00e9ations de Julia\",\"description\":\"Fait main \u00e0 la fran\u00e7aise\",\"potentialAction\":[{\"@type\":\"SearchAction\",\"target\":{\"@type\":\"EntryPoint\",\"urlTemplate\":\"https:\/\/lescreationsdejulia.fr\/?s={search_term_string}\"},\"query-input\":\"required name=search_term_string\"}],\"inLanguage\":\"fr-FR\"},{\"@type\":\"WebPage\",\"@id\":\"https:\/\/lescreationsdejulia.fr\/index.php\/produit\/commande-emilie\/#webpage\",\"url\":\"https:\/\/lescreationsdejulia.fr\/index.php\/produit\/commande-emilie\/\",\"name\":\"Commande Emilie - Les cr\u00e9ations de Julia\",\"isPartOf\":{\"@id\":\"https:\/\/lescreationsdejulia.fr\/#website\"},\"datePublished\":\"2023-03-28T13:41:21+00:00\",\"dateModified\":\"2023-03-28T13:41:22+00:00\",\"breadcrumb\":{\"@id\":\"https:\/\/lescreationsdejulia.fr\/index.php\/produit\/commande-emilie\/#breadcrumb\"},\"inLanguage\":\"fr-FR\",\"potentialAction\":[{\"@type\":\"ReadAction\",\"target\":[\"https:\/\/lescreationsdejulia.fr\/index.php\/produit\/commande-emilie\/\"]}]},{\"@type\":\"BreadcrumbList\",\"@id\":\"https:\/\/lescreationsdejulia.fr\/index.php\/produit\/commande-emilie\/#breadcrumb\",\"itemListElement\":[{\"@type\":\"ListItem\",\"position\":1,\"name\":\"Accueil\",\"item\":\"https:\/\/lescreationsdejulia.fr\/\"},{\"@type\":\"ListItem\",\"position\":2,\"name\":\"Les box\",\"item\":\"https:\/\/lescreationsdejulia.fr\/index.php\/box\/\"},{\"@type\":\"ListItem\",\"position\":3,\"name\":\"Commande Emilie\"}]}]}<\/script>\n<!-- \/ Yoast SEO plugin. -->","yoast_head_json":{"title":"Commande Emilie - Les cr\u00e9ations de Julia","robots":{"index":"index","follow":"follow","max-snippet":"max-snippet:-1","max-image-preview":"max-image-preview:large","max-video-preview":"max-video-preview:-1"},"canonical":"https:\/\/lescreationsdejulia.fr\/index.php\/produit\/commande-emilie\/","og_locale":"fr_FR","og_type":"article","og_title":"Commande Emilie - Les cr\u00e9ations de Julia","og_description":"Notre collection de papeterie est imprim\u00e9e par nos soins sur du papier grain\u00e9 style \u201cCanson\u201d 224g\/m2 et dessin\u00e9 main par Julia Jordy 20 menu + 18 num\u00e9ros de table + 30 marque-place (table d&#8217;honneur) : 63\u20ac TTC 18 feuillets plan de table : 19,87\u20ac TTC 3 affiches A3 et 1 affiche A4 : 48\u20ac TTC Suppl\u00e9ment cr\u00e9ations de papeterie :\u2026","og_url":"https:\/\/lescreationsdejulia.fr\/index.php\/produit\/commande-emilie\/","og_site_name":"Les cr\u00e9ations de Julia","article_modified_time":"2023-03-28T13:41:22+00:00","twitter_card":"summary_large_image","twitter_misc":{"Dur\u00e9e de lecture estim\u00e9e":"1 minute"},"schema":{"@context":"https:\/\/schema.org","@graph":[{"@type":"WebSite","@id":"https:\/\/lescreationsdejulia.fr\/#website","url":"https:\/\/lescreationsdejulia.fr\/","name":"Les cr\u00e9ations de Julia","description":"Fait main \u00e0 la fran\u00e7aise","potentialAction":[{"@type":"SearchAction","target":{"@type":"EntryPoint","urlTemplate":"https:\/\/lescreationsdejulia.fr\/?s={search_term_string}"},"query-input":"required name=search_term_string"}],"inLanguage":"fr-FR"},{"@type":"WebPage","@id":"https:\/\/lescreationsdejulia.fr\/index.php\/produit\/commande-emilie\/#webpage","url":"https:\/\/lescreationsdejulia.fr\/index.php\/produit\/commande-emilie\/","name":"Commande Emilie - Les cr\u00e9ations de Julia","isPartOf":{"@id":"https:\/\/lescreationsdejulia.fr\/#website"},"datePublished":"2023-03-28T13:41:21+00:00","dateModified":"2023-03-28T13:41:22+00:00","breadcrumb":{"@id":"https:\/\/lescreationsdejulia.fr\/index.php\/produit\/commande-emilie\/#breadcrumb"},"inLanguage":"fr-FR","potentialAction":[{"@type":"ReadAction","target":["https:\/\/lescreationsdejulia.fr\/index.php\/produit\/commande-emilie\/"]}]},{"@type":"BreadcrumbList","@id":"https:\/\/lescreationsdejulia.fr\/index.php\/produit\/commande-emilie\/#breadcrumb","itemListElement":[{"@type":"ListItem","position":1,"name":"Accueil","item":"https:\/\/lescreationsdejulia.fr\/"},{"@type":"ListItem","position":2,"name":"Les box","item":"https:\/\/lescreationsdejulia.fr\/index.php\/box\/"},{"@type":"ListItem","position":3,"name":"Commande Emilie"}]}]}},"jetpack_sharing_enabled":true,"_links":{"self":[{"href":"https:\/\/lescreationsdejulia.fr\/index.php\/wp-json\/wp\/v2\/product\/2059"}],"collection":[{"href":"https:\/\/lescreationsdejulia.fr\/index.php\/wp-json\/wp\/v2\/product"}],"about":[{"href":"https:\/\/lescreationsdejulia.fr\/index.php\/wp-json\/wp\/v2\/types\/product"}],"wp:attachment":[{"href":"https:\/\/lescreationsdejulia.fr\/index.php\/wp-json\/wp\/v2\/media?parent=2059"}],"wp:term":[{"taxonomy":"product_cat","embeddable":true,"href":"https:\/\/lescreationsdejulia.fr\/index.php\/wp-json\/wp\/v2\/product_cat?post=2059"},{"taxonomy":"product_tag","embeddable":true,"href":"https:\/\/lescreationsdejulia.fr\/index.php\/wp-json\/wp\/v2\/product_tag?post=2059"}],"curies":[{"name":"wp","href":"https:\/\/api.w.org\/{rel}","templated":true}]}}